 407978?
2, 203989
What are the prime factors of 1531509?
3, 7, 233, 313
List the prime factors of 1124032.
2, 7, 13, 193
List the prime factors of 3796480.
2, 5, 1483
What are the prime factors of 193634?
2, 7, 13831
List the prime factors of 1063699.
7, 13, 11689
List the prime factors of 1049718.
2, 3, 53, 3301
What are the prime factors of 1047967?
619, 1693
What are the prime factors of 11473978?
2, 61, 94049
List the prime factors of 81960.
2, 3, 5, 683
List the prime factors of 324251.
324251
List the prime factors of 335854.
2, 31, 5417
What are the prime factors of 29015247?
3, 9671749
What are the prime factors of 4475086?
2, 7, 11, 29059
List the prime factors of 4455078.
2, 3, 742513
List the prime factors of 4726083.
3, 107, 14723
What are the prime factors of 520843?
701, 743
List the prime factors of 46686.
2, 3, 31, 251
What are the prime factors of 1021779?
3, 11, 10321
List the prime factors of 260945.
5, 52189
What are the prime factors of 18702188?
2, 4675547
What are the prime factors of 2815914?
2, 3, 17, 19, 1453
What are the prime factors of 3562123?
353, 10091
What are the prime factors of 13720832?
2, 53597
List the prime factors of 10796895.
3, 5, 53, 503
List the prime factors of 1612088.
2, 201511
What are the prime factors of 374074?
2, 53, 3529
List the prime factors of 2309948.
2, 61, 9467
List the prime factors of 21665766.
2, 3, 3610961
What are the prime factors of 2829022?
2, 7, 397, 509
List the prime factors of 2338805.
5, 7, 19, 3517
What are the prime factors of 22192774?
2, 467, 23761
List the prime factors of 10962440.
2, 5, 274061
List the prime factors of 9973593.
3, 7, 29, 53, 103
List the prime factors of 215010.
2, 3, 5, 2389
What are the prime factors of 112212?
2, 3, 1039
What are the prime factors of 18340?
2, 5, 7, 131
List the prime factors of 378887.
107, 3541
List the prime factors of 1354707.
3, 150523
What are the prime factors of 2191919?
1259, 1741
What are the prime factors of 371513?
371513
What are the prime factors of 2573068?
2, 67, 9601
List the prime factors of 3196222.
2, 1598111
What are the prime factors of 593260?
2, 5, 29663
List the prime factors of 9169502.
2, 23, 199337
List the prime factors of 288241.
288241
What are the prime factors of 647892?
2, 3, 7, 857
What are the prime factors of 571042?
2, 285521
List the prime factors of 387526.
2, 193763
List the prime factors of 3406748.
2, 47, 18121
List the prime factors of 709614.
2, 3, 17, 773
List the prime factors of 486190.
2, 5, 48619
List the prime factors of 2466143.
19, 31, 53, 79
What are the prime factors of 8806413?
3, 7, 11, 67, 569
List the prime factors of 251401.
29, 8669
What are the prime factors of 2162273?
2162273
List the prime factors of 2022729.
3, 127, 5309
What are the prime factors of 10853298?
2, 3, 200987
What are the prime factors of 2998399?
2998399
What are the prime factors of 214632?
2, 3, 11, 271
List the prime factors of 1001234.
2, 13, 97, 397
What are the prime factors of 1341446?
2, 83, 8081
List the prime factors of 3878303.
11, 13, 37, 733
What are the prime factors of 143031?
3, 7, 139
List the prime factors of 3692045.
5, 7, 37, 2851
What are the prime factors of 1484989?
11, 134999
What are the prime factors of 158700?
2, 3, 5, 23
What are the prime factors of 850122?
2, 3, 7, 13, 173
List the prime factors of 13364494.
2, 11, 13, 83, 563
What are the prime factors of 259097?
17, 15241
List the prime factors of 1083319.
1083319
What are the prime factors of 2304251?
2304251
List the prime factors of 8773474.
2, 157, 27941
List the prime factors of 235186.
2, 7, 107, 157
List the prime factors of 163107.
3, 7, 863
List the prime factors of 4172016.
2, 3, 23, 3779
What are the prime factors of 3895477?
839, 4643
What are the prime factors of 257766?
2, 3, 42961
What are the prime factors of 1504007?
17, 88471
What are the prime factors of 265255?
5, 53051
List the prime factors of 1644056.
2, 205507
List the prime factors of 87095.
5, 17419
List the prime factors of 4703022.
2, 3, 9677
What are the prime factors of 190594?
2, 233, 409
List the prime factors of 42958.
2, 47, 457
What are the prime factors of 424237?
11, 38567
List the prime factors of 3081522.
2, 3, 17, 30211
What are the prime factors of 1268211?
3, 7, 131, 461
What are the prime factors of 803973?
3, 37, 7243
What are the prime factors of 209142?
2, 3, 1291
List the prime factors of 8514327.
3, 2838109
What are the prime factors of 2172254?
2, 7, 155161
List the prime factors of 5320976.
2, 332561
List the prime factors of 14512858.
2, 1699, 4271
What are the prime factors of 282174?
2, 3, 131, 359
What are the prime factors of 95517?
3, 10613
What are the prime factors of 676462?
2, 338231
List the prime factors of 7531883.
53, 142111
What are the prime factors of 385613?
29, 13297
What are the prime factors of 358087?
23, 15569
List the prime factors of 12072135.
3, 5, 97, 8297
What are the prime factors of 2350862?
2, 17, 69143
What are the prime factors of 897153?
3, 97, 3083
What are the prime factors of 395359?
59, 6701
What are the prime factors of 19056864?
2, 3, 17, 11677
What are the prime factors of 1019518?
2, 73, 6983
What are the prime factors of 2774629?
11, 13, 19403
List the prime factors of 1403007.
3, 467669
What are the prime factors of 137113?
31, 4423
List the prime factors of 12891245.
5, 2578249
What are the prime factors of 247725?
3, 5, 367
List the prime factors of 1074218.
2, 29, 18521
List the prime factors of 10574699.
10574699
What are the prime factors of 9193054?
2, 13, 23, 15373
List the prime factors of 20259966.
2, 3, 19, 43, 4133
List the prime factors of 22617.
3, 7, 359
List the prime factors of 89437.
17, 5261
List the prime factors of 31695.
3, 5, 2113
What are the prime factors of 7379197?
7, 1054171
List the prime factors of 1746200.
2, 5, 8731
What are the prime factors of 24418?
2, 29, 421
What are the prime factors of 116877?
3, 38959
List the prime factors of 1764593.
211, 8363
What are the prime factors of 1125905?
5, 11, 1861
List the prime factors of 4902515.
5, 980503
What are the prime factors of 35762?
2, 17881
What are the prime factors of 111449?
13, 8573
List the prime factors of 8955961.
7, 37, 151, 229
List the prime factors of 268206.
2, 3, 44701
What are the prime factors of 34048?
2, 7, 19
List the prime factors of 465146.
2, 11, 21143
List the prime factors of 15783951.
3, 5261317
List the prime factors of 29166220.
2, 5, 17, 109, 787
List the prime factors of 268891.
7, 107, 359
List the prime factors of 595053.
3, 22039
List the prime factors of 1424362.
2, 17, 41893
What are the prime factors of 388828?
2, 11, 8837
List the prime factors of 14155662.
2, 3, 17, 137, 1013
What are the prime factors of 2529826?
2, 13, 97301
List the prime factors of 14910233.
13, 23, 47, 1061
List the prime factors of 156797.
156797
List the prime factors of 153243.
3, 17027
List the prime factors of 1243536.
2, 3, 7, 3701
List the prime factors of 6980738.
2, 617, 5657
List the prime factors of 2505525.
3, 5, 11, 3037
What are the prime factors of 1424593?
103, 13831
What are the prime factors of 2521758?
2, 3, 420293
List the prime factors of 669258.
2, 3, 37181
What are the prime factors of 199935?
3, 5, 1481
List the prime factors of 3559187.
79, 45053
What are the prime factors of 111883?
53, 2111
List the prime factors of 2397228.
2, 3, 107, 1867
What are the prime factors of 23712875?
5, 17, 11159
List the prime factors of 159313.
7, 11, 2069
List the prime factors of 10648861.
103, 103387
List the prime factors of 3695310.
2, 3, 5, 19, 2161
What are the prime factors of 1610137?
113, 14249
What are the prime factors of 387941?
23, 101, 167
List the prime factors of 8116129.
7, 1159447
What are the prime factors of 811704?
2, 3, 31, 1091
List the prime factors of 8499811.
23, 369557
What are the prime factors of 628484?
2, 47, 3343
List the prime factors of 11201975.
5, 29, 15451
List the prime factors of 436201.
31, 14071
List the prime factors of 394860.
2, 3, 5, 6581
List the prime factors of 11261234.
2, 5630617
What are the prime factors of 2060550?
2, 3, 5, 19, 241
What are the prime factors of 19178146?
2, 13, 83, 8887
What are the prime factors of 541